 9 - -4)). Suppose -o - y + 14 = 0. Suppose -5*t + 5 = 0, o*t - 12 = -f + t. Calculate the remainder when 15 is divided by f.
4
Let b = -299 + 308. Suppose -b*g = -26 - 127. What is the remainder when 220 is divided by g?
16
Let g(q) = -q**3 + 38*q**2 + 131*q - 274. Calculate the remainder when 154 is divided by g(41).
46
Let i = -332 + 299. Suppose 0 = -b + p + 153, -5*p + 5 = -0. What is the remainder when b is divided by ((-52)/(-10))/(i/(-165))?
24
Let q(v) = -7*v - 6. Let g(l) = l**3 + 4*l**2 + 3*l + 10. Let w be g(-3). Suppose -w*r - 18 = -4*r. What is the remainder when 40 is divided by q(r)?
10
Suppose -2*n + 5*p - 4*p = 614, -2*n = -5*p + 606. Let v = n + 335. Calculate the remainder when 52 is divided by v.
25
Let f(k) = -2*k**3 - 52*k**2 + 50*k - 5. Calculate the remainder when f(-27) is divided by 72.
31
Suppose 2*b - 2 = c - 17, 4*c + 2*b = 70. What is the remainder when 3601 is divided by c?
14
Let d = 2079 - 2013. Suppose -20 - 16 = -2*o. Calculate the remainder when d is divided by o.
12
Suppose -966*l + 240 = -956*l. Let o(h) = -5*h**2 + 3*h. Let m be o(3). Let f = 50 + m. Calculate the remainder when l is divided by f.
10
Suppose z + 3*o + 18 = 0, -9*o - 54 = 3*z - 10*o. Calculate the remainder when 257 is divided by (0 - (-585)/z)*-2.
62
Suppose -3*i + 6 = 15. Let o be (0 - i/3)*0. Suppose 2*s + 0*h - 3*h - 219 = 0, o = 5*s + h - 573. What is the remainder when s is divided by 13?
10
Suppose u = 4*n, -u - 3*n + 54 - 19 = 0. Let r = 25 + 7. Suppose 0 = -a + r + 16. Calculate the remainder when a is divided by u.
8
Suppose -2*c + 69 + 31 = q, 5*c + 2*q = 252. Suppose -50*f + 194 = -c*f. Let v = -58 - f. Calculate the remainder when 111 is divided by v.
33
Let g(r) = 3*r**2 + 87*r + 45. Calculate the remainder when g(-48) is divided by 174.
171
Let l(u) = -u**2 - 7*u - 1. Let x(h) = h**2 + 639*h + 14811. Calculate the remainder when x(-24) is divided by l(-5).
6
Suppose -188*y - 2*u + 143 = -183*y, -3*y - 2*u + 81 = 0. What is the remainder when 1642 is divided by y?
30
Let j be 0/(-7)*3/6. Calculate the remainder when ((-26)/(-4))/((-5)/(-20)) is divided by 70/(-15)*(-3 + j).
12
Let s(m) = -393*m - 60. Let u be s(-3). Suppose 0*t + 746 = 2*t + 3*n, -3*t + u = -n. What is the remainder when t is divided by 47?
44
Let d = -7539 + 7652. Calculate the remainder when 251 is divided by d.
25
Suppose 12 = 5*o - 3. Suppose 0 = -o*g - 6, -5*u = -5*g + 54 - 434. Let z = -71 + u. What is the remainder when z is divided by 3?
0
Suppose 4*z + z = -3*w - 9, -2*w + 4*z = -16. Suppose -w*c + 5*t + 38 = 0, -5*t + 55 = 5*c - 40. What is the remainder when 129 is divided by c?
15
Let q(a) = 2*a**3 + 12*a - 300. Let f be q(0). Calculate the remainder when 212 is divided by (4/(-10) + (-345)/f)*16.
8
Let k(a) = -98*a**2 + 3*a + 5. Suppose -5*w - 3 = 2. Let r be k(w). Let h = -73 - r. Calculate the remainder when 66 is divided by h.
20
Suppose -2*b + 4*b = 60. Let y(u) = -103*u - 4147. What is the remainder when y(-41) is divided by b?
16
Suppose -155 = -32*z + 31*z. Let l = z + -148. Calculate the remainder when 28 is divided by l.
0
Let v(d) = 123*d**2 + 80*d + 77. What is the remainder when 5517 is divided by v(-1)?
117
Let n(m) = 9*m + 83. Let x be n(-9). What is the remainder when (-1)/10*x - 15024/(-120) is divided by 8?
5
Let y(t) = t**2 + 0 + 3 - 3*t - 2*t + 0*t. Let s be y(5). Suppose 3*u - 4 - 5 = s*h, -3*u + 16 = 4*h. Calculate the remainder when 21 is divided by u.
1
Suppose 4 = -6*q - 62. Let r(c) = 3*c + 81. What is the remainder when 128 is divided by r(q)?
32
Let f(p) = 4*p**3 + 5*p**2 - 28*p + 520. Calculate the remainder when f(10) is divided by 51.
48
Let s be (-762)/(-24) + 3/12. Suppose -6 = -b + 3*l, s + 26 = 4*b + 5*l. Calculate the remainder when 93 is divided by b.
9
Let s = 2318 - 2273. Calculate the remainder when 291 is divided by s.
21
Suppose 2*p = -4*w + 252, -p + 182 + 124 = 5*w. Calculate the remainder when 990 is divided by w.
30
Let b = 3031 + 4477. Calculate the remainder when b is divided by 37.
34
Let i be 1*3 - 28/7. Let q(j) = -6*j**3 + j**2 + j. What is the remainder when (-3)/(-6)*(-170)/(-51)*21 is divided by q(i)?
5
Let b = 1442 + -702. Suppose 0 = -37*f + 42*f - b. Calculate the remainder when f is divided by 50.
48
Suppose 0 = 3*g + 4*j - 35, -16 = 5*j - j. Let m = 21 + -26. Let w(y) = -2*y**3 - 7*y**2 + y - 5. Calculate the remainder when w(m) is divided by g.
14
Let i(r) = -79*r**3 - 20 + 17*r**2 + 6*r**2 + 34*r**3 + 6*r + 43*r**3. What is the remainder when i(10) is divided by 19?
17
Calculate the remainder when 310 is divided by -1*1/1*135/(-162)*186.
0
Suppose 4277 = 2*n - 15*n. Let q = n - -342. Calculate the remainder when 69 is divided by q.
4
Let w(d) = 22*d + 24. Let o be w(-1). Suppose 2*b + o*k = 32, 16*b - 14*b + 3*k - 30 = 0. Calculate the remainder when 266 is divided by b.
14
Let f(y) = y**3 - 14*y**2 - 71*y + 1010. What is the remainder when f(15) is divided by 161?
9
Let s(g) = -g**2 + 5*g + 59. Let h = 47 + 19. Calculate the remainder when h is divided by s(9).
20
Let j = 6692 + -6398. What is the remainder when 3221 is divided by j?
281
Suppose 3*s - 2*z = -6*z + 50, 1 = -z. Let q = 19 - 16. Calculate the remainder when s is divided by 23 + -14 - (q + -1).
4
Let n = -15 - -119. Let w(z) = 525*z**2 + z - 1. Let i be w(1). Suppose i = -12*r + 27*r. Calculate the remainder when n is divided by r.
34
Let i = -784 - -787. Suppose 4*g + 25 = v, i*g + 84 + 75 = 5*v. What is the remainder when v is divided by 21?
12
Let u(p) = p**3 + 2*p**2 + 31*p + 62. Calculate the remainder when 137 is divided by u(0).
13
Let t be (-46)/(-69) - (-1 - (-52)/6). What is the remainder when 51 is divided by 52/2 - 7/(49/t)?
24
Suppose 138 + 157 = 5*b. Suppose -686*a = 62*a - 23936. Calculate the remainder when b is divided by a.
27
Let j(t) = 2*t**3 + 23*t**2 + 3*t + 38. Calculate the remainder when 336 is divided by j(-10).
28
Let q = 20030 + -19417. Calculate the remainder when q is divided by 74.
21
Suppose 6945 - 1587 = 67*n - 10*n. Calculate the remainder when 447 is divided by n.
71
Let s(u) = -39*u + 3160. What is the remainder when s(51) is divided by 17?
15
Calculate the remainder when (-1119)/(-1865) + 6/(-10) + 0 + 1565 is divided by 68.
1
Let z(n) = -6*n**2 - 444*n + 13. Calculate the remainder when 2527 is divided by z(-74).
5
Let c be (-2)/6*1*(1 - 4). Suppose 0 = -u - 5*r + 6, -u = -0*u + 4*r - 11. Calculate the remainder when ((-26)/52)/(c/(-240)) is divided by u.
27
Suppose -23 = -z - 3*f, z + 12*f - 19 = 10*f. What is the remainder when 49 is divided by z?
5
Suppose 49*n = 51*n + 10, -5*b = -3*n - 25. Suppose -b*o = w - 23, o = 15*w - 14*w - 17. What is the remainder when 36 is divided by w?
17
Suppose 2 = 2*f, -5*f + 33 = 4*p - 32. Suppose 11*z + p*z - 260 = 0. Calculate the remainder when 38 is divided by z.
8
Let n(w) = w**3 + w**2 - w + 3. Suppose -3*s + 2*i - 4 = 0, -10 = -3*i - 2*i. Let j be n(s). Calculate the remainder when 52 is divided by j - (-13 + (-10)/5).
16
Let f = -54 - -33. Let k = -3 - f. Calculate the remainder when 671/122*24/4 is divided by k.
15
Let m = -385 - -319. Let l = m + 188. Let t = -50 + 92. What is the remainder when l is divided by t?
38
Let u(i) = i**2 + 12*i - 149. Calculate the remainder when u(-22) is divided by 6/(-9)*(-57)/2.
14
Let y be 1 + 68/2 - -2. Let i = y + -8. Let w(v) = 4*v**2 + 2*v - 1. Calculate the remainder when i is divided by w(-2).
7
Suppose 5*s - 139 = 4*i - 39, 2*i + 14 = s. What is the remainder when 233 is divided by s?
17
Let u(v) = 57*v - 161. Let m be u(6). Let q = m + -140. What is the remainder when 243 is divided by q?
38
What is the remainder when 472 - (-4 + -8 - -26) is divided by 51?
50
Let r(k) = k**3 + 11*k**2 - 3*k + 15. Let x(m) = -2*m**3 - m**2 - m - 1. Let d(l) = -r(l) - 6*x(l). What is the remainder when d(2) is divided by 8?
5
Let o be (-24)/(-40)*(-10)/(-2)*47. Suppose 138*f + 156 = o*f. What is the remainder when 100 is divided by f?
48
Let g = 9932 + -9553. Suppose -2*l + 20 = -l. What is the remainder when g is divided by l?
19
Let o(l) = l**3 + 9*l**2 - 18*l + 9. Suppose 5*z - 189 = 4*k + 6, -5*z - 2*k + 195 = 0. Calculate the remainder when o(-7) is divided by z.
38
Let j = 293 - 289. Let r(z) = -2*z**3 +